{"id":7774,"date":"2023-07-15T21:51:01","date_gmt":"2023-07-15T21:51:01","guid":{"rendered":"https:\/\/www.cacciatoscana.com\/2023\/?page_id=7774"},"modified":"2023-07-15T21:51:01","modified_gmt":"2023-07-15T21:51:01","slug":"trekking","status":"publish","type":"page","link":"https:\/\/www.cacciatoscana.com\/2023\/de\/neben-der-jagd\/trekking\/","title":{"rendered":"Trekking"},"content":{"rendered":"<p>Ein spezialisierter Guide, beste in seinem Bereich, begleitet Sie durch die toskanische Landschaft auf Routen, die f\u00fcr jeden Bedarf geeignet sind. Ein Erlebnis, das Sie in die Natur und Sch\u00f6nheit des Chianti, einer der ber\u00fchmtesten Landschaften der Welt eintauchen l\u00e4sst! Wandern Sie durch Weinberge, W\u00e4lder und durch B\u00e4che und treffen Sie auf Kirchen und Zeugnisse alter Burgen, die die Kommunikationswege kontrollierten, die durch diese wundersch\u00f6nen H\u00fcgel verliefen, die heute einen der bekanntesten Weine der Welt hervorbringen: den Chianti Classico.<\/p>\n<p>Sie k\u00f6nnen die wichtigsten St\u00e4dte besuchen und die Geschichte und Faszination der Region entdecken.<\/p>\n<p><img loading=\"lazy\" decoding=\"async\" class=\"aligncenter size-full wp-image-7115\" src=\"https:\/\/www.cacciatoscana.com\/2023\/wp-content\/uploads\/2017\/09\/borghi-castelli-3-900x604-1.jpeg\" alt=\"\" width=\"900\" height=\"604\" srcset=\"https:\/\/www.cacciatoscana.com\/2023\/wp-content\/uploads\/2017\/09\/borghi-castelli-3-900x604-1.jpeg 900w, https:\/\/www.cacciatoscana.com\/2023\/wp-content\/uploads\/2017\/09\/borghi-castelli-3-900x604-1-300x201.jpeg 300w, https:\/\/www.cacciatoscana.com\/2023\/wp-content\/uploads\/2017\/09\/borghi-castelli-3-900x604-1-768x515.jpeg 768w, https:\/\/www.cacciatoscana.com\/2023\/wp-content\/uploads\/2017\/09\/borghi-castelli-3-900x604-1-600x403.jpeg 600w\" sizes=\"auto, (max-width: 900px) 100vw, 900px\" \/> <img loading=\"lazy\" decoding=\"async\" class=\"aligncenter size-full wp-image-7116\" src=\"https:\/\/www.cacciatoscana.com\/2023\/wp-content\/uploads\/2017\/09\/casa-mia-1-900x604-1.jpg\" alt=\"\" width=\"900\" height=\"604\" srcset=\"https:\/\/www.cacciatoscana.com\/2023\/wp-content\/uploads\/2017\/09\/casa-mia-1-900x604-1.jpg 900w, https:\/\/www.cacciatoscana.com\/2023\/wp-content\/uploads\/2017\/09\/casa-mia-1-900x604-1-300x201.jpg 300w, https:\/\/www.cacciatoscana.com\/2023\/wp-content\/uploads\/2017\/09\/casa-mia-1-900x604-1-768x515.jpg 768w, https:\/\/www.cacciatoscana.com\/2023\/wp-content\/uploads\/2017\/09\/casa-mia-1-900x604-1-600x403.jpg 600w\" sizes=\"auto, (max-width: 900px) 100vw, 900px\" \/><\/p>\n","protected":false},"excerpt":{"rendered":"<p>Ein spezialisierter Guide, beste in seinem Bereich, begleitet Sie durch die toskanische Landschaft auf Routen, die f\u00fcr jeden Bedarf geeignet sind. Ein Erlebnis, das Sie in die Natur und Sch\u00f6nheit des Chianti, einer der ber\u00fchmtesten Landschaften der Welt eintauchen l\u00e4sst! Wandern Sie durch Weinberge, W\u00e4lder und durch B\u00e4che und treffen Sie auf Kirchen und Zeugnisse &hellip; <\/p>\n<p class=\"link-more\"><a href=\"https:\/\/www.cacciatoscana.com\/2023\/de\/neben-der-jagd\/trekking\/\" class=\"more-link\">Read more<span class=\"screen-reader-text\"> &#8220;Trekking&#8221;<\/span><\/a><\/p>\n","protected":false},"author":1,"featured_media":7117,"parent":7717,"menu_order":0,"comment_status":"closed","ping_status":"closed","template":"","meta":{"footnotes":""},"class_list":["post-7774","page","type-page","status-publish","has-post-thumbnail","hentry"],"featured_media_urls":{"thumbnail":["https:\/\/www.cacciatoscana.com\/2023\/wp-content\/uploads\/2017\/09\/storie_chianti_1-900x604-1-150x150.jpg",150,150,true],"medium":["https:\/\/www.cacciatoscana.com\/2023\/wp-content\/uploads\/2017\/09\/storie_chianti_1-900x604-1-300x201.jpg",300,201,true],"medium_large":["https:\/\/www.cacciatoscana.com\/2023\/wp-content\/uploads\/2017\/09\/storie_chianti_1-900x604-1-768x515.jpg",768,515,true],"large":["https:\/\/www.cacciatoscana.com\/2023\/wp-content\/uploads\/2017\/09\/storie_chianti_1-900x604-1.jpg",900,604,false],"1536x1536":["https:\/\/www.cacciatoscana.com\/2023\/wp-content\/uploads\/2017\/09\/storie_chianti_1-900x604-1.jpg",900,604,false],"2048x2048":["https:\/\/www.cacciatoscana.com\/2023\/wp-content\/uploads\/2017\/09\/storie_chianti_1-900x604-1.jpg",900,604,false],"inspiro-featured-image":["https:\/\/www.cacciatoscana.com\/2023\/wp-content\/uploads\/2017\/09\/storie_chianti_1-900x604-1.jpg",900,604,false],"inspiro-loop":["https:\/\/www.cacciatoscana.com\/2023\/wp-content\/uploads\/2017\/09\/storie_chianti_1-900x604-1-900x320.jpg",900,320,true],"inspiro-loop@2x":["https:\/\/www.cacciatoscana.com\/2023\/wp-content\/uploads\/2017\/09\/storie_chianti_1-900x604-1.jpg",900,604,false],"portfolio_item-thumbnail":["https:\/\/www.cacciatoscana.com\/2023\/wp-content\/uploads\/2017\/09\/storie_chianti_1-900x604-1-600x400.jpg",600,400,true],"portfolio_item-thumbnail@2x":["https:\/\/www.cacciatoscana.com\/2023\/wp-content\/uploads\/2017\/09\/storie_chianti_1-900x604-1.jpg",900,604,false],"portfolio_item-masonry":["https:\/\/www.cacciatoscana.com\/2023\/wp-content\/uploads\/2017\/09\/storie_chianti_1-900x604-1-600x403.jpg",600,403,true],"portfolio_item-masonry@2x":["https:\/\/www.cacciatoscana.com\/2023\/wp-content\/uploads\/2017\/09\/storie_chianti_1-900x604-1.jpg",900,604,false],"portfolio_item-thumbnail_cinema":["https:\/\/www.cacciatoscana.com\/2023\/wp-content\/uploads\/2017\/09\/storie_chianti_1-900x604-1-800x335.jpg",800,335,true],"portfolio_item-thumbnail_portrait":["https:\/\/www.cacciatoscana.com\/2023\/wp-content\/uploads\/2017\/09\/storie_chianti_1-900x604-1-600x604.jpg",600,604,true],"portfolio_item-thumbnail_portrait@2x":["https:\/\/www.cacciatoscana.com\/2023\/wp-content\/uploads\/2017\/09\/storie_chianti_1-900x604-1.jpg",900,604,false],"portfolio_item-thumbnail_square":["https:\/\/www.cacciatoscana.com\/2023\/wp-content\/uploads\/2017\/09\/storie_chianti_1-900x604-1-800x604.jpg",800,604,true]},"_links":{"self":[{"href":"https:\/\/www.cacciatoscana.com\/2023\/wp-json\/wp\/v2\/pages\/7774","targetHints":{"allow":["GET"]}}],"collection":[{"href":"https:\/\/www.cacciatoscana.com\/2023\/wp-json\/wp\/v2\/pages"}],"about":[{"href":"https:\/\/www.cacciatoscana.com\/2023\/wp-json\/wp\/v2\/types\/page"}],"author":[{"embeddable":true,"href":"https:\/\/www.cacciatoscana.com\/2023\/wp-json\/wp\/v2\/users\/1"}],"replies":[{"embeddable":true,"href":"https:\/\/www.cacciatoscana.com\/2023\/wp-json\/wp\/v2\/comments?post=7774"}],"version-history":[{"count":1,"href":"https:\/\/www.cacciatoscana.com\/2023\/wp-json\/wp\/v2\/pages\/7774\/revisions"}],"predecessor-version":[{"id":7775,"href":"https:\/\/www.cacciatoscana.com\/2023\/wp-json\/wp\/v2\/pages\/7774\/revisions\/7775"}],"up":[{"embeddable":true,"href":"https:\/\/www.cacciatoscana.com\/2023\/wp-json\/wp\/v2\/pages\/7717"}],"wp:featuredmedia":[{"embeddable":true,"href":"https:\/\/www.cacciatoscana.com\/2023\/wp-json\/wp\/v2\/media\/7117"}],"wp:attachment":[{"href":"https:\/\/www.cacciatoscana.com\/2023\/wp-json\/wp\/v2\/media?parent=7774"}],"curies":[{"name":"wp","href":"https:\/\/api.w.org\/{rel}","templated":true}]}}