{"id":7633,"date":"2023-07-13T17:13:59","date_gmt":"2023-07-13T17:13:59","guid":{"rendered":"https:\/\/www.cacciatoscana.com\/2023\/?page_id=7633"},"modified":"2023-07-13T17:22:00","modified_gmt":"2023-07-13T17:22:00","slug":"7633-2","status":"publish","type":"page","link":"https:\/\/www.cacciatoscana.com\/2023\/es\/otros-servicios\/7633-2\/","title":{"rendered":"Pesca"},"content":{"rendered":"<p>Experiencia emocionante partiendo del puerto tur\u00edstico de Bocca D&#8217;Arno (Marina di Pisa)<\/p>\n<p>Zonas de pesca del mar de Liguria y zonas del norte del archipi\u00e9lago toscano, 4 personas m\u00e1ximo.<\/p>\n<p>Pesca a la deriva de at\u00fan rojo<\/p>\n<p>La salida a unas 15 millas de tierra<\/p>\n<p>seg\u00fan el per\u00edodo, incluye:<\/p>\n<p>Embarcaci\u00f3n de unos 10 metros de eslora, Fisherman USA totalmente equipado. Aparejos de pesca de primera clase, los mejores del mercado.<\/p>\n<p>La excursi\u00f3n tiene una duraci\u00f3n total de 8 horas desde el momento en que se sueltan amarras hasta el regreso al muelle.<\/p>\n<p>Salida a convenir.<\/p>\n<p>En caso de pescar en periodo no permitido (inicia el 17 de junio y finaliza el 17 de octubre) solo se puede hacer <em>catch &amp; release<\/em>, es decir, captura y suelta del at\u00fan vivo.<\/p>\n<p>Durante el periodo de pesca autorizado, s\u00f3lo se permite a bordo 1 ejemplar de at\u00fan rojo por embarcaci\u00f3n.<\/p>\n<p>Las sucesivas y eventuales capturas siempre se realizar\u00e1n en <em>catch &amp; release<\/em>.<\/p>\n<p>Lo pescado es competencia de los hu\u00e9spedes.<\/p>\n<p>Tambi\u00e9n es posible hacer<\/p>\n<p>Curric\u00e1n de fondo con dent\u00f3n, serviola y mero. M\u00e9todo de profundizaci\u00f3n plomo guardi\u00e1n o downrigger.<\/p>\n<p><img loading=\"lazy\" decoding=\"async\" class=\"aligncenter size-full wp-image-7121\" src=\"https:\/\/www.cacciatoscana.com\/2023\/wp-content\/uploads\/2016\/06\/IMG-20230615-WA0003.jpg\" alt=\"\" width=\"900\" height=\"1600\" srcset=\"https:\/\/www.cacciatoscana.com\/2023\/wp-content\/uploads\/2016\/06\/IMG-20230615-WA0003.jpg 900w, https:\/\/www.cacciatoscana.com\/2023\/wp-content\/uploads\/2016\/06\/IMG-20230615-WA0003-169x300.jpg 169w, https:\/\/www.cacciatoscana.com\/2023\/wp-content\/uploads\/2016\/06\/IMG-20230615-WA0003-576x1024.jpg 576w, https:\/\/www.cacciatoscana.com\/2023\/wp-content\/uploads\/2016\/06\/IMG-20230615-WA0003-768x1365.jpg 768w, https:\/\/www.cacciatoscana.com\/2023\/wp-content\/uploads\/2016\/06\/IMG-20230615-WA0003-864x1536.jpg 864w, https:\/\/www.cacciatoscana.com\/2023\/wp-content\/uploads\/2016\/06\/IMG-20230615-WA0003-600x1067.jpg 600w\" sizes=\"auto, (max-width: 900px) 100vw, 900px\" \/><\/p>\n<p><img loading=\"lazy\" decoding=\"async\" class=\"aligncenter size-full wp-image-7180\" src=\"https:\/\/www.cacciatoscana.com\/2023\/wp-content\/uploads\/2016\/06\/WhatsApp-Image-2023-06-19-at-17.57.22-1.jpeg\" alt=\"\" width=\"960\" height=\"720\" srcset=\"https:\/\/www.cacciatoscana.com\/2023\/wp-content\/uploads\/2016\/06\/WhatsApp-Image-2023-06-19-at-17.57.22-1.jpeg 960w, https:\/\/www.cacciatoscana.com\/2023\/wp-content\/uploads\/2016\/06\/WhatsApp-Image-2023-06-19-at-17.57.22-1-300x225.jpeg 300w, https:\/\/www.cacciatoscana.com\/2023\/wp-content\/uploads\/2016\/06\/WhatsApp-Image-2023-06-19-at-17.57.22-1-768x576.jpeg 768w, https:\/\/www.cacciatoscana.com\/2023\/wp-content\/uploads\/2016\/06\/WhatsApp-Image-2023-06-19-at-17.57.22-1-600x450.jpeg 600w\" sizes=\"auto, (max-width: 960px) 100vw, 960px\" \/><img loading=\"lazy\" decoding=\"async\" class=\"aligncenter size-full wp-image-7177\" src=\"https:\/\/www.cacciatoscana.com\/2023\/wp-content\/uploads\/2016\/06\/WhatsApp-Image-2023-06-19-at-17.57.23-1.jpeg\" alt=\"\" width=\"1424\" height=\"826\" srcset=\"https:\/\/www.cacciatoscana.com\/2023\/wp-content\/uploads\/2016\/06\/WhatsApp-Image-2023-06-19-at-17.57.23-1.jpeg 1424w, https:\/\/www.cacciatoscana.com\/2023\/wp-content\/uploads\/2016\/06\/WhatsApp-Image-2023-06-19-at-17.57.23-1-300x174.jpeg 300w, https:\/\/www.cacciatoscana.com\/2023\/wp-content\/uploads\/2016\/06\/WhatsApp-Image-2023-06-19-at-17.57.23-1-1024x594.jpeg 1024w, https:\/\/www.cacciatoscana.com\/2023\/wp-content\/uploads\/2016\/06\/WhatsApp-Image-2023-06-19-at-17.57.23-1-768x445.jpeg 768w, https:\/\/www.cacciatoscana.com\/2023\/wp-content\/uploads\/2016\/06\/WhatsApp-Image-2023-06-19-at-17.57.23-1-600x348.jpeg 600w\" sizes=\"auto, (max-width: 1424px) 100vw, 1424px\" \/> <img loading=\"lazy\" decoding=\"async\" class=\"aligncenter size-full wp-image-7178\" src=\"https:\/\/www.cacciatoscana.com\/2023\/wp-content\/uploads\/2016\/06\/WhatsApp-Image-2023-06-19-at-17.57.23.jpeg\" alt=\"\" width=\"960\" height=\"733\" srcset=\"https:\/\/www.cacciatoscana.com\/2023\/wp-content\/uploads\/2016\/06\/WhatsApp-Image-2023-06-19-at-17.57.23.jpeg 960w, https:\/\/www.cacciatoscana.com\/2023\/wp-content\/uploads\/2016\/06\/WhatsApp-Image-2023-06-19-at-17.57.23-300x229.jpeg 300w, https:\/\/www.cacciatoscana.com\/2023\/wp-content\/uploads\/2016\/06\/WhatsApp-Image-2023-06-19-at-17.57.23-768x586.jpeg 768w, https:\/\/www.cacciatoscana.com\/2023\/wp-content\/uploads\/2016\/06\/WhatsApp-Image-2023-06-19-at-17.57.23-600x458.jpeg 600w\" sizes=\"auto, (max-width: 960px) 100vw, 960px\" \/><\/p>\n","protected":false},"excerpt":{"rendered":"<p>Experiencia emocionante partiendo del puerto tur\u00edstico de Bocca D&#8217;Arno (Marina di Pisa) Zonas de pesca del mar de Liguria y zonas del norte del archipi\u00e9lago toscano, 4 personas m\u00e1ximo. Pesca a la deriva de at\u00fan rojo La salida a unas 15 millas de tierra seg\u00fan el per\u00edodo, incluye: Embarcaci\u00f3n de unos 10 metros de eslora, &hellip; <\/p>\n<p class=\"link-more\"><a href=\"https:\/\/www.cacciatoscana.com\/2023\/es\/otros-servicios\/7633-2\/\" class=\"more-link\">Read more<span class=\"screen-reader-text\"> &#8220;Pesca&#8221;<\/span><\/a><\/p>\n","protected":false},"author":1,"featured_media":7122,"parent":7598,"menu_order":0,"comment_status":"closed","ping_status":"closed","template":"","meta":{"footnotes":""},"class_list":["post-7633","page","type-page","status-publish","has-post-thumbnail","hentry"],"featured_media_urls":{"thumbnail":["https:\/\/www.cacciatoscana.com\/2023\/wp-content\/uploads\/2016\/06\/IMG-20230615-WA0004-150x150.jpg",150,150,true],"medium":["https:\/\/www.cacciatoscana.com\/2023\/wp-content\/uploads\/2016\/06\/IMG-20230615-WA0004-295x300.jpg",295,300,true],"medium_large":["https:\/\/www.cacciatoscana.com\/2023\/wp-content\/uploads\/2016\/06\/IMG-20230615-WA0004-768x782.jpg",768,782,true],"large":["https:\/\/www.cacciatoscana.com\/2023\/wp-content\/uploads\/2016\/06\/IMG-20230615-WA0004.jpg",938,955,false],"1536x1536":["https:\/\/www.cacciatoscana.com\/2023\/wp-content\/uploads\/2016\/06\/IMG-20230615-WA0004.jpg",938,955,false],"2048x2048":["https:\/\/www.cacciatoscana.com\/2023\/wp-content\/uploads\/2016\/06\/IMG-20230615-WA0004.jpg",938,955,false],"inspiro-featured-image":["https:\/\/www.cacciatoscana.com\/2023\/wp-content\/uploads\/2016\/06\/IMG-20230615-WA0004.jpg",938,955,false],"inspiro-loop":["https:\/\/www.cacciatoscana.com\/2023\/wp-content\/uploads\/2016\/06\/IMG-20230615-WA0004-938x320.jpg",938,320,true],"inspiro-loop@2x":["https:\/\/www.cacciatoscana.com\/2023\/wp-content\/uploads\/2016\/06\/IMG-20230615-WA0004-938x640.jpg",938,640,true],"portfolio_item-thumbnail":["https:\/\/www.cacciatoscana.com\/2023\/wp-content\/uploads\/2016\/06\/IMG-20230615-WA0004-600x400.jpg",600,400,true],"portfolio_item-thumbnail@2x":["https:\/\/www.cacciatoscana.com\/2023\/wp-content\/uploads\/2016\/06\/IMG-20230615-WA0004.jpg",786,800,false],"portfolio_item-masonry":["https:\/\/www.cacciatoscana.com\/2023\/wp-content\/uploads\/2016\/06\/IMG-20230615-WA0004-600x611.jpg",600,611,true],"portfolio_item-masonry@2x":["https:\/\/www.cacciatoscana.com\/2023\/wp-content\/uploads\/2016\/06\/IMG-20230615-WA0004.jpg",938,955,false],"portfolio_item-thumbnail_cinema":["https:\/\/www.cacciatoscana.com\/2023\/wp-content\/uploads\/2016\/06\/IMG-20230615-WA0004-800x335.jpg",800,335,true],"portfolio_item-thumbnail_portrait":["https:\/\/www.cacciatoscana.com\/2023\/wp-content\/uploads\/2016\/06\/IMG-20230615-WA0004-600x900.jpg",600,900,true],"portfolio_item-thumbnail_portrait@2x":["https:\/\/www.cacciatoscana.com\/2023\/wp-content\/uploads\/2016\/06\/IMG-20230615-WA0004.jpg",938,955,false],"portfolio_item-thumbnail_square":["https:\/\/www.cacciatoscana.com\/2023\/wp-content\/uploads\/2016\/06\/IMG-20230615-WA0004-800x800.jpg",800,800,true]},"_links":{"self":[{"href":"https:\/\/www.cacciatoscana.com\/2023\/wp-json\/wp\/v2\/pages\/7633","targetHints":{"allow":["GET"]}}],"collection":[{"href":"https:\/\/www.cacciatoscana.com\/2023\/wp-json\/wp\/v2\/pages"}],"about":[{"href":"https:\/\/www.cacciatoscana.com\/2023\/wp-json\/wp\/v2\/types\/page"}],"author":[{"embeddable":true,"href":"https:\/\/www.cacciatoscana.com\/2023\/wp-json\/wp\/v2\/users\/1"}],"replies":[{"embeddable":true,"href":"https:\/\/www.cacciatoscana.com\/2023\/wp-json\/wp\/v2\/comments?post=7633"}],"version-history":[{"count":2,"href":"https:\/\/www.cacciatoscana.com\/2023\/wp-json\/wp\/v2\/pages\/7633\/revisions"}],"predecessor-version":[{"id":7647,"href":"https:\/\/www.cacciatoscana.com\/2023\/wp-json\/wp\/v2\/pages\/7633\/revisions\/7647"}],"up":[{"embeddable":true,"href":"https:\/\/www.cacciatoscana.com\/2023\/wp-json\/wp\/v2\/pages\/7598"}],"wp:featuredmedia":[{"embeddable":true,"href":"https:\/\/www.cacciatoscana.com\/2023\/wp-json\/wp\/v2\/media\/7122"}],"wp:attachment":[{"href":"https:\/\/www.cacciatoscana.com\/2023\/wp-json\/wp\/v2\/media?parent=7633"}],"curies":[{"name":"wp","href":"https:\/\/api.w.org\/{rel}","templated":true}]}}