{"id":7616,"date":"2023-07-13T17:07:03","date_gmt":"2023-07-13T17:07:03","guid":{"rendered":"https:\/\/www.cacciatoscana.com\/2023\/?page_id=7616"},"modified":"2023-07-13T17:07:03","modified_gmt":"2023-07-13T17:07:03","slug":"bicicleta","status":"publish","type":"page","link":"https:\/\/www.cacciatoscana.com\/2023\/es\/otros-servicios\/bicicleta\/","title":{"rendered":"Bicicleta"},"content":{"rendered":"<p>Descubra el \u00e1rea de San Gimignano de una manera divertida y original, aventur\u00e1ndose en la campi\u00f1a toscana sobre el sill\u00edn de una bicicleta el\u00e9ctrica.<\/p>\n<p>Nuestros favoritos son los senderos a lo largo de la Via Francigena o los caminos de tierra entre los vi\u00f1edos de Vernaccia y Sangiovese.<\/p>\n<p>Si quiere disfrutar de un d\u00eda al aire libre, completamente inmerso en la naturaleza, le podemos recomendar los mejores caminos de tierra de nuestra zona.<\/p>\n<p>Nuestros itinerarios se pueden experimentar de forma independiente o eligiendo una excursi\u00f3n.<\/p>\n","protected":false},"excerpt":{"rendered":"<p>Descubra el \u00e1rea de San Gimignano de una manera divertida y original, aventur\u00e1ndose en la campi\u00f1a toscana sobre el sill\u00edn de una bicicleta el\u00e9ctrica. Nuestros favoritos son los senderos a lo largo de la Via Francigena o los caminos de tierra entre los vi\u00f1edos de Vernaccia y Sangiovese. Si quiere disfrutar de un d\u00eda al &hellip; <\/p>\n<p class=\"link-more\"><a href=\"https:\/\/www.cacciatoscana.com\/2023\/es\/otros-servicios\/bicicleta\/\" class=\"more-link\">Read more<span class=\"screen-reader-text\"> &#8220;Bicicleta&#8221;<\/span><\/a><\/p>\n","protected":false},"author":1,"featured_media":6898,"parent":7598,"menu_order":0,"comment_status":"closed","ping_status":"closed","template":"","meta":{"footnotes":""},"class_list":["post-7616","page","type-page","status-publish","has-post-thumbnail","hentry"],"featured_media_urls":{"thumbnail":["https:\/\/www.cacciatoscana.com\/2023\/wp-content\/uploads\/2017\/09\/SangiEbike-rent-scaled-1-150x150.jpg",150,150,true],"medium":["https:\/\/www.cacciatoscana.com\/2023\/wp-content\/uploads\/2017\/09\/SangiEbike-rent-scaled-1-300x235.jpg",300,235,true],"medium_large":["https:\/\/www.cacciatoscana.com\/2023\/wp-content\/uploads\/2017\/09\/SangiEbike-rent-scaled-1-768x602.jpg",768,602,true],"large":["https:\/\/www.cacciatoscana.com\/2023\/wp-content\/uploads\/2017\/09\/SangiEbike-rent-scaled-1-1024x803.jpg",950,745,true],"1536x1536":["https:\/\/www.cacciatoscana.com\/2023\/wp-content\/uploads\/2017\/09\/SangiEbike-rent-scaled-1-1536x1204.jpg",1536,1204,true],"2048x2048":["https:\/\/www.cacciatoscana.com\/2023\/wp-content\/uploads\/2017\/09\/SangiEbike-rent-scaled-1-2048x1606.jpg",2048,1606,true],"inspiro-featured-image":["https:\/\/www.cacciatoscana.com\/2023\/wp-content\/uploads\/2017\/09\/SangiEbike-rent-scaled-1-2000x1568.jpg",2000,1568,true],"inspiro-loop":["https:\/\/www.cacciatoscana.com\/2023\/wp-content\/uploads\/2017\/09\/SangiEbike-rent-scaled-1-950x320.jpg",950,320,true],"inspiro-loop@2x":["https:\/\/www.cacciatoscana.com\/2023\/wp-content\/uploads\/2017\/09\/SangiEbike-rent-scaled-1-1900x640.jpg",1900,640,true],"portfolio_item-thumbnail":["https:\/\/www.cacciatoscana.com\/2023\/wp-content\/uploads\/2017\/09\/SangiEbike-rent-scaled-1-600x400.jpg",600,400,true],"portfolio_item-thumbnail@2x":["https:\/\/www.cacciatoscana.com\/2023\/wp-content\/uploads\/2017\/09\/SangiEbike-rent-scaled-1.jpg",1020,800,false],"portfolio_item-masonry":["https:\/\/www.cacciatoscana.com\/2023\/wp-content\/uploads\/2017\/09\/SangiEbike-rent-scaled-1-600x470.jpg",600,470,true],"portfolio_item-masonry@2x":["https:\/\/www.cacciatoscana.com\/2023\/wp-content\/uploads\/2017\/09\/SangiEbike-rent-scaled-1.jpg",1200,941,false],"portfolio_item-thumbnail_cinema":["https:\/\/www.cacciatoscana.com\/2023\/wp-content\/uploads\/2017\/09\/SangiEbike-rent-scaled-1-800x335.jpg",800,335,true],"portfolio_item-thumbnail_portrait":["https:\/\/www.cacciatoscana.com\/2023\/wp-content\/uploads\/2017\/09\/SangiEbike-rent-scaled-1-600x900.jpg",600,900,true],"portfolio_item-thumbnail_portrait@2x":["https:\/\/www.cacciatoscana.com\/2023\/wp-content\/uploads\/2017\/09\/SangiEbike-rent-scaled-1.jpg",1200,941,false],"portfolio_item-thumbnail_square":["https:\/\/www.cacciatoscana.com\/2023\/wp-content\/uploads\/2017\/09\/SangiEbike-rent-scaled-1-800x800.jpg",800,800,true]},"_links":{"self":[{"href":"https:\/\/www.cacciatoscana.com\/2023\/wp-json\/wp\/v2\/pages\/7616","targetHints":{"allow":["GET"]}}],"collection":[{"href":"https:\/\/www.cacciatoscana.com\/2023\/wp-json\/wp\/v2\/pages"}],"about":[{"href":"https:\/\/www.cacciatoscana.com\/2023\/wp-json\/wp\/v2\/types\/page"}],"author":[{"embeddable":true,"href":"https:\/\/www.cacciatoscana.com\/2023\/wp-json\/wp\/v2\/users\/1"}],"replies":[{"embeddable":true,"href":"https:\/\/www.cacciatoscana.com\/2023\/wp-json\/wp\/v2\/comments?post=7616"}],"version-history":[{"count":1,"href":"https:\/\/www.cacciatoscana.com\/2023\/wp-json\/wp\/v2\/pages\/7616\/revisions"}],"predecessor-version":[{"id":7617,"href":"https:\/\/www.cacciatoscana.com\/2023\/wp-json\/wp\/v2\/pages\/7616\/revisions\/7617"}],"up":[{"embeddable":true,"href":"https:\/\/www.cacciatoscana.com\/2023\/wp-json\/wp\/v2\/pages\/7598"}],"wp:featuredmedia":[{"embeddable":true,"href":"https:\/\/www.cacciatoscana.com\/2023\/wp-json\/wp\/v2\/media\/6898"}],"wp:attachment":[{"href":"https:\/\/www.cacciatoscana.com\/2023\/wp-json\/wp\/v2\/media?parent=7616"}],"curies":[{"name":"wp","href":"https:\/\/api.w.org\/{rel}","templated":true}]}}