{"id":7455,"date":"2023-07-12T09:57:26","date_gmt":"2023-07-12T09:57:26","guid":{"rendered":"https:\/\/www.cacciatoscana.com\/2023\/?page_id=7455"},"modified":"2023-07-12T09:57:50","modified_gmt":"2023-07-12T09:57:50","slug":"tour-in-yacht","status":"publish","type":"page","link":"https:\/\/www.cacciatoscana.com\/2023\/oltre-la-caccia\/tour-in-yacht\/","title":{"rendered":"Tour in yacht"},"content":{"rendered":"<p>San Lorenzo Cruise Expedition \u00e8 un&#8217;avventura attraverso una delle aree marine pi\u00f9 eccezionali d\u2019Italia. Rinomato per la sua biodiversit\u00e0, l&#8217;Arcipelago Toscano comprende oltre 61.000 km^2 di mare ed \u00e8 il pi\u00f9 grande parco marino europeo.<\/p>\n<p>Lo Yacht \u00e8 un San Lorenzo 80ft (24 metri) con confortabili e lussuosi interni in legno. Pu\u00f2 accogliere fino a 12 persone a bordo.<\/p>\n<p>Come le perle di una collana, ogni isola \u00e8 diversa dall&#8217;altra. Ogni isola conserva le tracce della sua storia, ogni isola \u00e8 unica, originale, con una sola caratteristica in comune: la bellezza della sua natura. E la catena che unisce questi gioielli \u00e8 il mare, un mare caldo e accogliente con la sua calma piatta, ma anche imprevedibile con le sue tempeste come solo il Mediterraneo pu\u00f2 essere.<\/p>\n<p><img loading=\"lazy\" decoding=\"async\" class=\"aligncenter size-full wp-image-7127\" src=\"https:\/\/www.cacciatoscana.com\/2023\/wp-content\/uploads\/2023\/06\/image012.jpg\" alt=\"\" width=\"557\" height=\"417\" srcset=\"https:\/\/www.cacciatoscana.com\/2023\/wp-content\/uploads\/2023\/06\/image012.jpg 557w, https:\/\/www.cacciatoscana.com\/2023\/wp-content\/uploads\/2023\/06\/image012-300x225.jpg 300w\" sizes=\"auto, (max-width: 557px) 100vw, 557px\" \/> <img loading=\"lazy\" decoding=\"async\" class=\"aligncenter size-full wp-image-7126\" src=\"https:\/\/www.cacciatoscana.com\/2023\/wp-content\/uploads\/2023\/06\/image005.jpg\" alt=\"\" width=\"454\" height=\"328\" srcset=\"https:\/\/www.cacciatoscana.com\/2023\/wp-content\/uploads\/2023\/06\/image005.jpg 454w, https:\/\/www.cacciatoscana.com\/2023\/wp-content\/uploads\/2023\/06\/image005-300x217.jpg 300w\" sizes=\"auto, (max-width: 454px) 100vw, 454px\" \/><\/p>\n","protected":false},"excerpt":{"rendered":"<p>San Lorenzo Cruise Expedition \u00e8 un&#8217;avventura attraverso una delle aree marine pi\u00f9 eccezionali d\u2019Italia. Rinomato per la sua biodiversit\u00e0, l&#8217;Arcipelago Toscano comprende oltre 61.000 km^2 di mare ed \u00e8 il pi\u00f9 grande parco marino europeo. Lo Yacht \u00e8 un San Lorenzo 80ft (24 metri) con confortabili e lussuosi interni in legno. Pu\u00f2 accogliere fino a &hellip; <\/p>\n<p class=\"link-more\"><a href=\"https:\/\/www.cacciatoscana.com\/2023\/oltre-la-caccia\/tour-in-yacht\/\" class=\"more-link\">Read more<span class=\"screen-reader-text\"> &#8220;Tour in yacht&#8221;<\/span><\/a><\/p>\n","protected":false},"author":1,"featured_media":7125,"parent":5206,"menu_order":0,"comment_status":"closed","ping_status":"closed","template":"","meta":{"footnotes":""},"class_list":["post-7455","page","type-page","status-publish","has-post-thumbnail","hentry"],"featured_media_urls":{"thumbnail":["https:\/\/www.cacciatoscana.com\/2023\/wp-content\/uploads\/2023\/06\/image002-1-150x150.jpg",150,150,true],"medium":["https:\/\/www.cacciatoscana.com\/2023\/wp-content\/uploads\/2023\/06\/image002-1-300x150.jpg",300,150,true],"medium_large":["https:\/\/www.cacciatoscana.com\/2023\/wp-content\/uploads\/2023\/06\/image002-1.jpg",640,320,false],"large":["https:\/\/www.cacciatoscana.com\/2023\/wp-content\/uploads\/2023\/06\/image002-1.jpg",640,320,false],"1536x1536":["https:\/\/www.cacciatoscana.com\/2023\/wp-content\/uploads\/2023\/06\/image002-1.jpg",640,320,false],"2048x2048":["https:\/\/www.cacciatoscana.com\/2023\/wp-content\/uploads\/2023\/06\/image002-1.jpg",640,320,false],"inspiro-featured-image":["https:\/\/www.cacciatoscana.com\/2023\/wp-content\/uploads\/2023\/06\/image002-1.jpg",640,320,false],"inspiro-loop":["https:\/\/www.cacciatoscana.com\/2023\/wp-content\/uploads\/2023\/06\/image002-1.jpg",640,320,false],"inspiro-loop@2x":["https:\/\/www.cacciatoscana.com\/2023\/wp-content\/uploads\/2023\/06\/image002-1.jpg",640,320,false],"portfolio_item-thumbnail":["https:\/\/www.cacciatoscana.com\/2023\/wp-content\/uploads\/2023\/06\/image002-1-600x320.jpg",600,320,true],"portfolio_item-thumbnail@2x":["https:\/\/www.cacciatoscana.com\/2023\/wp-content\/uploads\/2023\/06\/image002-1.jpg",640,320,false],"portfolio_item-masonry":["https:\/\/www.cacciatoscana.com\/2023\/wp-content\/uploads\/2023\/06\/image002-1-600x300.jpg",600,300,true],"portfolio_item-masonry@2x":["https:\/\/www.cacciatoscana.com\/2023\/wp-content\/uploads\/2023\/06\/image002-1.jpg",640,320,false],"portfolio_item-thumbnail_cinema":["https:\/\/www.cacciatoscana.com\/2023\/wp-content\/uploads\/2023\/06\/image002-1.jpg",640,320,false],"portfolio_item-thumbnail_portrait":["https:\/\/www.cacciatoscana.com\/2023\/wp-content\/uploads\/2023\/06\/image002-1-600x320.jpg",600,320,true],"portfolio_item-thumbnail_portrait@2x":["https:\/\/www.cacciatoscana.com\/2023\/wp-content\/uploads\/2023\/06\/image002-1.jpg",640,320,false],"portfolio_item-thumbnail_square":["https:\/\/www.cacciatoscana.com\/2023\/wp-content\/uploads\/2023\/06\/image002-1.jpg",640,320,false]},"_links":{"self":[{"href":"https:\/\/www.cacciatoscana.com\/2023\/wp-json\/wp\/v2\/pages\/7455","targetHints":{"allow":["GET"]}}],"collection":[{"href":"https:\/\/www.cacciatoscana.com\/2023\/wp-json\/wp\/v2\/pages"}],"about":[{"href":"https:\/\/www.cacciatoscana.com\/2023\/wp-json\/wp\/v2\/types\/page"}],"author":[{"embeddable":true,"href":"https:\/\/www.cacciatoscana.com\/2023\/wp-json\/wp\/v2\/users\/1"}],"replies":[{"embeddable":true,"href":"https:\/\/www.cacciatoscana.com\/2023\/wp-json\/wp\/v2\/comments?post=7455"}],"version-history":[{"count":1,"href":"https:\/\/www.cacciatoscana.com\/2023\/wp-json\/wp\/v2\/pages\/7455\/revisions"}],"predecessor-version":[{"id":7456,"href":"https:\/\/www.cacciatoscana.com\/2023\/wp-json\/wp\/v2\/pages\/7455\/revisions\/7456"}],"up":[{"embeddable":true,"href":"https:\/\/www.cacciatoscana.com\/2023\/wp-json\/wp\/v2\/pages\/5206"}],"wp:featuredmedia":[{"embeddable":true,"href":"https:\/\/www.cacciatoscana.com\/2023\/wp-json\/wp\/v2\/media\/7125"}],"wp:attachment":[{"href":"https:\/\/www.cacciatoscana.com\/2023\/wp-json\/wp\/v2\/media?parent=7455"}],"curies":[{"name":"wp","href":"https:\/\/api.w.org\/{rel}","templated":true}]}}